{"id":958,"date":"2024-04-10T20:38:58","date_gmt":"2024-04-10T23:38:58","guid":{"rendered":"https:\/\/recauchajes.impulsify.cl\/?page_id=958"},"modified":"2024-08-12T23:59:32","modified_gmt":"2024-08-13T02:59:32","slug":"responsabilidad-social","status":"publish","type":"page","link":"https:\/\/recauchajesminerosbailac.cl\/web\/responsabilidad-social\/","title":{"rendered":"Responsabilidad Social"},"content":{"rendered":"\t\t<div data-elementor-type=\"wp-page\" data-elementor-id=\"958\" class=\"elementor elementor-958\" data-elementor-post-type=\"page\">\n\t\t\t\t\t\t<section class=\"elementor-section elementor-top-section elementor-element elementor-element-89d8d3c elementor-section-boxed elementor-section-height-default elementor-section-height-default\" data-id=\"89d8d3c\" data-element_type=\"section\" data-settings=\"{&quot;background_background&quot;:&quot;classic&quot;}\">\n\t\t\t\t\t\t\t<div class=\"elementor-background-overlay\"><\/div>\n\t\t\t\t\t\t\t<div class=\"elementor-container elementor-column-gap-default\">\n\t\t\t\t\t<div class=\"elementor-column elementor-col-100 elementor-top-column elementor-element elementor-element-3ae9ffd elementor-invisible\" data-id=\"3ae9ffd\" data-element_type=\"column\" data-settings=\"{&quot;animation&quot;:&quot;fadeInUp&quot;}\">\n\t\t\t<div class=\"elementor-widget-wrap elementor-element-populated\">\n\t\t\t\t\t\t<div class=\"elementor-element elementor-element-ed9aa2b elementor-widget elementor-widget-heading\" data-id=\"ed9aa2b\" data-element_type=\"widget\" data-widget_type=\"heading.default\">\n\t\t\t\t<div class=\"elementor-widget-container\">\n\t\t\t\t\t<h2 class=\"elementor-heading-title elementor-size-default\">Responsabilidad Social<\/h2>\t\t\t\t<\/div>\n\t\t\t\t<\/div>\n\t\t\t\t<div class=\"elementor-element elementor-element-6489836 elementor-widget-divider--view-line elementor-invisible elementor-widget elementor-widget-divider\" data-id=\"6489836\" data-element_type=\"widget\" data-settings=\"{&quot;_animation&quot;:&quot;fadeIn&quot;}\" data-widget_type=\"divider.default\">\n\t\t\t\t<div class=\"elementor-widget-container\">\n\t\t\t\t\t\t\t<div class=\"elementor-divider\">\n\t\t\t<span class=\"elementor-divider-separator\">\n\t\t\t\t\t\t<\/span>\n\t\t<\/div>\n\t\t\t\t\t\t<\/div>\n\t\t\t\t<\/div>\n\t\t\t\t\t<\/div>\n\t\t<\/div>\n\t\t\t\t\t<\/div>\n\t\t<\/section>\n\t\t\t\t<section class=\"elementor-section elementor-top-section elementor-element elementor-element-6e70a68 elementor-section-content-middle elementor-section-boxed elementor-section-height-default elementor-section-height-default\" data-id=\"6e70a68\" data-element_type=\"section\" data-settings=\"{&quot;background_background&quot;:&quot;classic&quot;}\">\n\t\t\t\t\t\t\t<div class=\"elementor-background-overlay\"><\/div>\n\t\t\t\t\t\t\t<div class=\"elementor-container elementor-column-gap-default\">\n\t\t\t\t\t<div class=\"elementor-column elementor-col-50 elementor-top-column elementor-element elementor-element-53626eb4 animated-slow elementor-invisible\" data-id=\"53626eb4\" data-element_type=\"column\" data-settings=\"{&quot;background_background&quot;:&quot;classic&quot;,&quot;animation&quot;:&quot;fadeInLeft&quot;}\">\n\t\t\t<div class=\"elementor-widget-wrap elementor-element-populated\">\n\t\t\t\t\t\t<div class=\"elementor-element elementor-element-6616b2ba elementor-widget elementor-widget-image\" data-id=\"6616b2ba\" data-element_type=\"widget\" data-widget_type=\"image.default\">\n\t\t\t\t<div class=\"elementor-widget-container\">\n\t\t\t\t\t\t\t\t\t\t\t\t\t\t\t<img fetchpriority=\"high\" decoding=\"async\" width=\"1220\" height=\"1400\" src=\"https:\/\/recauchajesminerosbailac.cl\/web\/wp-content\/uploads\/2024\/04\/responsabilidad_social_intro.png\" class=\"attachment-full size-full wp-image-1796\" alt=\"\" srcset=\"https:\/\/recauchajesminerosbailac.cl\/web\/wp-content\/uploads\/2024\/04\/responsabilidad_social_intro.png 1220w, https:\/\/recauchajesminerosbailac.cl\/web\/wp-content\/uploads\/2024\/04\/responsabilidad_social_intro-261x300.png 261w, https:\/\/recauchajesminerosbailac.cl\/web\/wp-content\/uploads\/2024\/04\/responsabilidad_social_intro-892x1024.png 892w, https:\/\/recauchajesminerosbailac.cl\/web\/wp-content\/uploads\/2024\/04\/responsabilidad_social_intro-768x881.png 768w\" sizes=\"(max-width: 1220px) 100vw, 1220px\" \/>\t\t\t\t\t\t\t\t\t\t\t\t\t\t\t<\/div>\n\t\t\t\t<\/div>\n\t\t\t\t\t<\/div>\n\t\t<\/div>\n\t\t\t\t<div class=\"elementor-column elementor-col-50 elementor-top-column elementor-element elementor-element-3f0f098e animated-slow elementor-invisible\" data-id=\"3f0f098e\" data-element_type=\"column\" data-settings=\"{&quot;animation&quot;:&quot;fadeInRight&quot;}\">\n\t\t\t<div class=\"elementor-widget-wrap elementor-element-populated\">\n\t\t\t\t\t\t<div class=\"elementor-element elementor-element-14717b9 elementor-widget elementor-widget-heading\" data-id=\"14717b9\" data-element_type=\"widget\" data-widget_type=\"heading.default\">\n\t\t\t\t<div class=\"elementor-widget-container\">\n\t\t\t\t\t<h2 class=\"elementor-heading-title elementor-size-default\">Responsabilidad Social Empresarial\n<\/h2>\t\t\t\t<\/div>\n\t\t\t\t<\/div>\n\t\t\t\t<div class=\"elementor-element elementor-element-0876922 elementor-widget-divider--view-line elementor-invisible elementor-widget elementor-widget-divider\" data-id=\"0876922\" data-element_type=\"widget\" data-settings=\"{&quot;_animation&quot;:&quot;fadeIn&quot;}\" data-widget_type=\"divider.default\">\n\t\t\t\t<div class=\"elementor-widget-container\">\n\t\t\t\t\t\t\t<div class=\"elementor-divider\">\n\t\t\t<span class=\"elementor-divider-separator\">\n\t\t\t\t\t\t<\/span>\n\t\t<\/div>\n\t\t\t\t\t\t<\/div>\n\t\t\t\t<\/div>\n\t\t\t\t<div class=\"elementor-element elementor-element-10f55593 elementor-widget elementor-widget-text-editor\" data-id=\"10f55593\" data-element_type=\"widget\" data-widget_type=\"text-editor.default\">\n\t\t\t\t<div class=\"elementor-widget-container\">\n\t\t\t\t\t\t\t\t\t<p>Bailac se posiciona en el mercado no solo como un l\u00edder en soluciones de recauchaje y mantenimiento de neum\u00e1ticos, sino tambi\u00e9n como un pionero en responsabilidad social y ambiental. Nuestro enfoque se centra en la sostenibilidad y el cuidado del medio ambiente, demostrado a trav\u00e9s de pr\u00e1cticas que extienden la vida \u00fatil de los neum\u00e1ticos de manera eficiente y econ\u00f3mica, alineados con los principios de la Ley REP en Chile. En Bailac, nos comprometemos a innovar en nuestras operaciones, priorizando siempre el bienestar del planeta y de nuestras comunidades, reafirmando nuestro compromiso con un futuro m\u00e1s sustentable.<\/p>\t\t\t\t\t\t\t\t<\/div>\n\t\t\t\t<\/div>\n\t\t\t\t\t<\/div>\n\t\t<\/div>\n\t\t\t\t\t<\/div>\n\t\t<\/section>\n\t\t<div class=\"elementor-element elementor-element-ae4ad4d e-flex e-con-boxed e-con e-parent\" data-id=\"ae4ad4d\" data-element_type=\"container\">\n\t\t\t\t\t<div class=\"e-con-inner\">\n\t\t\t\t<div class=\"elementor-element elementor-element-5b507b0 animated-slow elementor-invisible elementor-widget elementor-widget-image\" data-id=\"5b507b0\" data-element_type=\"widget\" data-settings=\"{&quot;_animation&quot;:&quot;fadeInUp&quot;}\" data-widget_type=\"image.default\">\n\t\t\t\t<div class=\"elementor-widget-container\">\n\t\t\t\t\t\t\t\t\t\t\t\t\t\t\t<img decoding=\"async\" width=\"2000\" height=\"1546\" src=\"https:\/\/recauchajesminerosbailac.cl\/web\/wp-content\/uploads\/2024\/04\/Untitled.png\" class=\"attachment-full size-full wp-image-1797\" alt=\"\" srcset=\"https:\/\/recauchajesminerosbailac.cl\/web\/wp-content\/uploads\/2024\/04\/Untitled.png 2000w, https:\/\/recauchajesminerosbailac.cl\/web\/wp-content\/uploads\/2024\/04\/Untitled-300x232.png 300w, https:\/\/recauchajesminerosbailac.cl\/web\/wp-content\/uploads\/2024\/04\/Untitled-1024x792.png 1024w, https:\/\/recauchajesminerosbailac.cl\/web\/wp-content\/uploads\/2024\/04\/Untitled-768x594.png 768w, https:\/\/recauchajesminerosbailac.cl\/web\/wp-content\/uploads\/2024\/04\/Untitled-1536x1187.png 1536w\" sizes=\"(max-width: 2000px) 100vw, 2000px\" \/>\t\t\t\t\t\t\t\t\t\t\t\t\t\t\t<\/div>\n\t\t\t\t<\/div>\n\t\t\t\t\t<\/div>\n\t\t\t\t<\/div>\n\t\t\t\t<section class=\"elementor-section elementor-top-section elementor-element elementor-element-8ba581f elementor-section-content-middle elementor-hidden-desktop elementor-hidden-tablet elementor-hidden-mobile elementor-section-boxed elementor-section-height-default elementor-section-height-default\" data-id=\"8ba581f\" data-element_type=\"section\" data-settings=\"{&quot;background_background&quot;:&quot;classic&quot;}\">\n\t\t\t\t\t\t\t<div class=\"elementor-background-overlay\"><\/div>\n\t\t\t\t\t\t\t<div class=\"elementor-container elementor-column-gap-default\">\n\t\t\t\t\t<div class=\"elementor-column elementor-col-50 elementor-top-column elementor-element elementor-element-97d3d76 elementor-invisible\" data-id=\"97d3d76\" data-element_type=\"column\" data-settings=\"{&quot;animation&quot;:&quot;fadeInLeft&quot;}\">\n\t\t\t<div class=\"elementor-widget-wrap elementor-element-populated\">\n\t\t\t\t\t\t<div class=\"elementor-element elementor-element-0e9ae22 elementor-widget elementor-widget-heading\" data-id=\"0e9ae22\" data-element_type=\"widget\" data-widget_type=\"heading.default\">\n\t\t\t\t<div class=\"elementor-widget-container\">\n\t\t\t\t\t<h2 class=\"elementor-heading-title elementor-size-default\">Proyecto de reciclaje con la comunidad<\/h2>\t\t\t\t<\/div>\n\t\t\t\t<\/div>\n\t\t\t\t<div class=\"elementor-element elementor-element-0602353 elementor-widget-divider--view-line elementor-widget elementor-widget-divider\" data-id=\"0602353\" data-element_type=\"widget\" data-widget_type=\"divider.default\">\n\t\t\t\t<div class=\"elementor-widget-container\">\n\t\t\t\t\t\t\t<div class=\"elementor-divider\">\n\t\t\t<span class=\"elementor-divider-separator\">\n\t\t\t\t\t\t<\/span>\n\t\t<\/div>\n\t\t\t\t\t\t<\/div>\n\t\t\t\t<\/div>\n\t\t\t\t<div class=\"elementor-element elementor-element-1b3c762 elementor-widget elementor-widget-text-editor\" data-id=\"1b3c762\" data-element_type=\"widget\" data-widget_type=\"text-editor.default\">\n\t\t\t\t<div class=\"elementor-widget-container\">\n\t\t\t\t\t\t\t\t\tLorem ipsum dolor sit amet, consectetur adipiscing elit. Donec enim leo, viverra a sapien sit amet, rutrum scelerisque erat. Nullam nec ex ac ipsum tempor viverra. Duis a risus ac eros pellentesque scelerisque. Donec vel arcu eu nibh auctor tristique molestie feugiat risus. Ut id tempor magna. Pellentesque ultrices leo est, non eleifend ipsum ornare sed. Proin accumsan eleifend nulla non scelerisque. Quisque sapien enim, egestas id ligula ut, pretium ullamcorper neque. Donec sed convallis nunc, ac consectetur urna. Vestibulum nec vulputate est. Sed ac ultrices tortor, tincidunt faucibus erat. Sed at nunc consectetur, laoreet massa eu, faucibus tellus.\t\t\t\t\t\t\t\t<\/div>\n\t\t\t\t<\/div>\n\t\t\t\t<div class=\"elementor-element elementor-element-6937cae elementor-widget elementor-widget-button\" data-id=\"6937cae\" data-element_type=\"widget\" data-widget_type=\"button.default\">\n\t\t\t\t<div class=\"elementor-widget-container\">\n\t\t\t\t\t\t\t\t\t<div class=\"elementor-button-wrapper\">\n\t\t\t\t\t<a class=\"elementor-button elementor-button-link elementor-size-sm\" href=\"https:\/\/recauchajesminerosbailac.cl\/web\/2024\/04\/05\/proyecto-de-reciclaje-con-la-comunidad\/\">\n\t\t\t\t\t\t<span class=\"elementor-button-content-wrapper\">\n\t\t\t\t\t\t\t\t\t<span class=\"elementor-button-text\">Ver Noticia<\/span>\n\t\t\t\t\t<\/span>\n\t\t\t\t\t<\/a>\n\t\t\t\t<\/div>\n\t\t\t\t\t\t\t\t<\/div>\n\t\t\t\t<\/div>\n\t\t\t\t\t<\/div>\n\t\t<\/div>\n\t\t\t\t<div class=\"elementor-column elementor-col-50 elementor-top-column elementor-element elementor-element-22aeaaa elementor-invisible\" data-id=\"22aeaaa\" data-element_type=\"column\" data-settings=\"{&quot;animation&quot;:&quot;fadeInRight&quot;}\">\n\t\t\t<div class=\"elementor-widget-wrap elementor-element-populated\">\n\t\t\t\t\t\t<section class=\"elementor-section elementor-inner-section elementor-element elementor-element-81ff5b9 elementor-section-full_width elementor-section-height-default elementor-section-height-default\" data-id=\"81ff5b9\" data-element_type=\"section\">\n\t\t\t\t\t\t<div class=\"elementor-container elementor-column-gap-default\">\n\t\t\t\t\t<div class=\"elementor-column elementor-col-100 elementor-inner-column elementor-element elementor-element-55b555e elementor-invisible\" data-id=\"55b555e\" data-element_type=\"column\" data-settings=\"{&quot;background_background&quot;:&quot;classic&quot;,&quot;animation&quot;:&quot;fadeInRight&quot;}\">\n\t\t\t<div class=\"elementor-widget-wrap elementor-element-populated\">\n\t\t\t\t\t\t<div class=\"elementor-element elementor-element-7807e01 elementor-widget elementor-widget-image\" data-id=\"7807e01\" data-element_type=\"widget\" data-widget_type=\"image.default\">\n\t\t\t\t<div class=\"elementor-widget-container\">\n\t\t\t\t\t\t\t\t\t\t\t\t\t\t\t<img decoding=\"async\" width=\"800\" height=\"606\" src=\"https:\/\/recauchajesminerosbailac.cl\/web\/wp-content\/uploads\/2024\/04\/reciclaje-1024x776.png\" class=\"attachment-large size-large wp-image-166\" alt=\"\" srcset=\"https:\/\/recauchajesminerosbailac.cl\/web\/wp-content\/uploads\/2024\/04\/reciclaje-1024x776.png 1024w, https:\/\/recauchajesminerosbailac.cl\/web\/wp-content\/uploads\/2024\/04\/reciclaje-300x227.png 300w, https:\/\/recauchajesminerosbailac.cl\/web\/wp-content\/uploads\/2024\/04\/reciclaje-768x582.png 768w, https:\/\/recauchajesminerosbailac.cl\/web\/wp-content\/uploads\/2024\/04\/reciclaje.png 1240w\" sizes=\"(max-width: 800px) 100vw, 800px\" \/>\t\t\t\t\t\t\t\t\t\t\t\t\t\t\t<\/div>\n\t\t\t\t<\/div>\n\t\t\t\t\t<\/div>\n\t\t<\/div>\n\t\t\t\t\t<\/div>\n\t\t<\/section>\n\t\t\t\t\t<\/div>\n\t\t<\/div>\n\t\t\t\t\t<\/div>\n\t\t<\/section>\n\t\t\t\t<section class=\"elementor-section elementor-top-section elementor-element elementor-element-9f622e6 elementor-section-boxed elementor-section-height-default elementor-section-height-default\" data-id=\"9f622e6\" data-element_type=\"section\" data-settings=\"{&quot;background_background&quot;:&quot;classic&quot;}\">\n\t\t\t\t\t\t\t<div class=\"elementor-background-overlay\"><\/div>\n\t\t\t\t\t\t\t<div class=\"elementor-container elementor-column-gap-default\">\n\t\t\t\t\t<div class=\"elementor-column elementor-col-100 elementor-top-column elementor-element elementor-element-3c4faa2 elementor-invisible\" data-id=\"3c4faa2\" data-element_type=\"column\" data-settings=\"{&quot;animation&quot;:&quot;fadeInDown&quot;}\">\n\t\t\t<div class=\"elementor-widget-wrap elementor-element-populated\">\n\t\t\t\t\t\t<div class=\"elementor-element elementor-element-7e20adb elementor-widget elementor-widget-heading\" data-id=\"7e20adb\" data-element_type=\"widget\" data-widget_type=\"heading.default\">\n\t\t\t\t<div class=\"elementor-widget-container\">\n\t\t\t\t\t<h2 class=\"elementor-heading-title elementor-size-default\">\u00bfBuscas trabajar con una empresa<br> con responsabilidad social? <\/h2>\t\t\t\t<\/div>\n\t\t\t\t<\/div>\n\t\t\t\t<div class=\"elementor-element elementor-element-046e8a8 elementor-widget-divider--view-line elementor-invisible elementor-widget elementor-widget-divider\" data-id=\"046e8a8\" data-element_type=\"widget\" data-settings=\"{&quot;_animation&quot;:&quot;fadeIn&quot;}\" data-widget_type=\"divider.default\">\n\t\t\t\t<div class=\"elementor-widget-container\">\n\t\t\t\t\t\t\t<div class=\"elementor-divider\">\n\t\t\t<span class=\"elementor-divider-separator\">\n\t\t\t\t\t\t<\/span>\n\t\t<\/div>\n\t\t\t\t\t\t<\/div>\n\t\t\t\t<\/div>\n\t\t\t\t<div class=\"elementor-element elementor-element-f3dd5b1 elementor-align-center elementor-widget elementor-widget-button\" data-id=\"f3dd5b1\" data-element_type=\"widget\" data-widget_type=\"button.default\">\n\t\t\t\t<div class=\"elementor-widget-container\">\n\t\t\t\t\t\t\t\t\t<div class=\"elementor-button-wrapper\">\n\t\t\t\t\t<a class=\"elementor-button elementor-button-link elementor-size-sm\" href=\"https:\/\/recauchajesminerosbailac.cl\/web\/contacto\/#formulario\">\n\t\t\t\t\t\t<span class=\"elementor-button-content-wrapper\">\n\t\t\t\t\t\t\t\t\t<span class=\"elementor-button-text\">Cont\u00e1ctanos<\/span>\n\t\t\t\t\t<\/span>\n\t\t\t\t\t<\/a>\n\t\t\t\t<\/div>\n\t\t\t\t\t\t\t\t<\/div>\n\t\t\t\t<\/div>\n\t\t\t\t\t<\/div>\n\t\t<\/div>\n\t\t\t\t\t<\/div>\n\t\t<\/section>\n\t\t\t\t<\/div>\n\t\t","protected":false},"excerpt":{"rendered":"<p>Responsabilidad Social Empresarial Bailac se posiciona en el mercado no solo como un l\u00edder en soluciones de recauchaje y mantenimiento de neum\u00e1ticos, sino tambi\u00e9n como un pionero en responsabilidad social y ambiental. Nuestro enfoque se centra en la sostenibilidad y el cuidado del medio ambiente, demostrado a trav\u00e9s de pr\u00e1cticas que extienden la vida \u00fatil [&hellip;]<\/p>\n","protected":false},"author":1,"featured_media":0,"parent":0,"menu_order":0,"comment_status":"closed","ping_status":"closed","template":"elementor_header_footer","meta":{"_acf_changed":false,"inline_featured_image":false,"footnotes":""},"class_list":["post-958","page","type-page","status-publish","hentry"],"acf":[],"yoast_head":"<!-- This site is optimized with the Yoast SEO plugin v26.1 - https:\/\/yoast.com\/wordpress\/plugins\/seo\/ -->\n<title>Responsabilidad Social - BAILAC Recauchajes<\/title>\n<meta name=\"robots\" content=\"index, follow, max-snippet:-1, max-image-preview:large, max-video-preview:-1\" \/>\n<link rel=\"canonical\" href=\"https:\/\/recauchajesminerosbailac.cl\/web\/responsabilidad-social\/\" \/>\n<meta property=\"og:locale\" content=\"es_ES\" \/>\n<meta property=\"og:type\" content=\"article\" \/>\n<meta property=\"og:title\" content=\"Responsabilidad Social - BAILAC Recauchajes\" \/>\n<meta property=\"og:description\" content=\"Responsabilidad Social Empresarial Bailac se posiciona en el mercado no solo como un l\u00edder en soluciones de recauchaje y mantenimiento de neum\u00e1ticos, sino tambi\u00e9n como un pionero en responsabilidad social y ambiental. Nuestro enfoque se centra en la sostenibilidad y el cuidado del medio ambiente, demostrado a trav\u00e9s de pr\u00e1cticas que extienden la vida \u00fatil [&hellip;]\" \/>\n<meta property=\"og:url\" content=\"https:\/\/recauchajesminerosbailac.cl\/web\/responsabilidad-social\/\" \/>\n<meta property=\"og:site_name\" content=\"BAILAC Recauchajes\" \/>\n<meta property=\"article:modified_time\" content=\"2024-08-13T02:59:32+00:00\" \/>\n<meta property=\"og:image\" content=\"https:\/\/recauchajesminerosbailac.cl\/web\/wp-content\/uploads\/2024\/04\/responsabilidad_social_intro.png\" \/>\n<meta name=\"twitter:card\" content=\"summary_large_image\" \/>\n<meta name=\"twitter:label1\" content=\"Tiempo estimado de lectura\" \/>\n\t<meta name=\"twitter:data1\" content=\"2 minutos\" \/>\n<script type=\"application\/ld+json\" class=\"yoast-schema-graph\">{\"@context\":\"https:\/\/schema.org\",\"@graph\":[{\"@type\":\"WebPage\",\"@id\":\"https:\/\/recauchajesminerosbailac.cl\/web\/responsabilidad-social\/\",\"url\":\"https:\/\/recauchajesminerosbailac.cl\/web\/responsabilidad-social\/\",\"name\":\"Responsabilidad Social - BAILAC Recauchajes\",\"isPartOf\":{\"@id\":\"https:\/\/recauchajesminerosbailac.cl\/web\/#website\"},\"primaryImageOfPage\":{\"@id\":\"https:\/\/recauchajesminerosbailac.cl\/web\/responsabilidad-social\/#primaryimage\"},\"image\":{\"@id\":\"https:\/\/recauchajesminerosbailac.cl\/web\/responsabilidad-social\/#primaryimage\"},\"thumbnailUrl\":\"https:\/\/recauchajesminerosbailac.cl\/web\/wp-content\/uploads\/2024\/04\/responsabilidad_social_intro.png\",\"datePublished\":\"2024-04-10T23:38:58+00:00\",\"dateModified\":\"2024-08-13T02:59:32+00:00\",\"breadcrumb\":{\"@id\":\"https:\/\/recauchajesminerosbailac.cl\/web\/responsabilidad-social\/#breadcrumb\"},\"inLanguage\":\"es-CL\",\"potentialAction\":[{\"@type\":\"ReadAction\",\"target\":[\"https:\/\/recauchajesminerosbailac.cl\/web\/responsabilidad-social\/\"]}]},{\"@type\":\"ImageObject\",\"inLanguage\":\"es-CL\",\"@id\":\"https:\/\/recauchajesminerosbailac.cl\/web\/responsabilidad-social\/#primaryimage\",\"url\":\"https:\/\/recauchajesminerosbailac.cl\/web\/wp-content\/uploads\/2024\/04\/responsabilidad_social_intro.png\",\"contentUrl\":\"https:\/\/recauchajesminerosbailac.cl\/web\/wp-content\/uploads\/2024\/04\/responsabilidad_social_intro.png\",\"width\":1220,\"height\":1400},{\"@type\":\"BreadcrumbList\",\"@id\":\"https:\/\/recauchajesminerosbailac.cl\/web\/responsabilidad-social\/#breadcrumb\",\"itemListElement\":[{\"@type\":\"ListItem\",\"position\":1,\"name\":\"Portada\",\"item\":\"https:\/\/recauchajesminerosbailac.cl\/web\/\"},{\"@type\":\"ListItem\",\"position\":2,\"name\":\"Responsabilidad Social\"}]},{\"@type\":\"WebSite\",\"@id\":\"https:\/\/recauchajesminerosbailac.cl\/web\/#website\",\"url\":\"https:\/\/recauchajesminerosbailac.cl\/web\/\",\"name\":\"BAILAC Recauchajes\",\"description\":\"\",\"publisher\":{\"@id\":\"https:\/\/recauchajesminerosbailac.cl\/web\/#organization\"},\"potentialAction\":[{\"@type\":\"SearchAction\",\"target\":{\"@type\":\"EntryPoint\",\"urlTemplate\":\"https:\/\/recauchajesminerosbailac.cl\/web\/?s={search_term_string}\"},\"query-input\":{\"@type\":\"PropertyValueSpecification\",\"valueRequired\":true,\"valueName\":\"search_term_string\"}}],\"inLanguage\":\"es-CL\"},{\"@type\":\"Organization\",\"@id\":\"https:\/\/recauchajesminerosbailac.cl\/web\/#organization\",\"name\":\"BAILAC Recauchajes\",\"url\":\"https:\/\/recauchajesminerosbailac.cl\/web\/\",\"logo\":{\"@type\":\"ImageObject\",\"inLanguage\":\"es-CL\",\"@id\":\"https:\/\/recauchajesminerosbailac.cl\/web\/#\/schema\/logo\/image\/\",\"url\":\"https:\/\/recauchajesminerosbailac.cl\/web\/wp-content\/uploads\/2024\/07\/WhatsApp-Image-2024-07-18-at-15.10.18-e1721347156392.jpeg\",\"contentUrl\":\"https:\/\/recauchajesminerosbailac.cl\/web\/wp-content\/uploads\/2024\/07\/WhatsApp-Image-2024-07-18-at-15.10.18-e1721347156392.jpeg\",\"width\":1200,\"height\":630,\"caption\":\"BAILAC Recauchajes\"},\"image\":{\"@id\":\"https:\/\/recauchajesminerosbailac.cl\/web\/#\/schema\/logo\/image\/\"}}]}<\/script>\n<!-- \/ Yoast SEO plugin. -->","yoast_head_json":{"title":"Responsabilidad Social - BAILAC Recauchajes","robots":{"index":"index","follow":"follow","max-snippet":"max-snippet:-1","max-image-preview":"max-image-preview:large","max-video-preview":"max-video-preview:-1"},"canonical":"https:\/\/recauchajesminerosbailac.cl\/web\/responsabilidad-social\/","og_locale":"es_ES","og_type":"article","og_title":"Responsabilidad Social - BAILAC Recauchajes","og_description":"Responsabilidad Social Empresarial Bailac se posiciona en el mercado no solo como un l\u00edder en soluciones de recauchaje y mantenimiento de neum\u00e1ticos, sino tambi\u00e9n como un pionero en responsabilidad social y ambiental. Nuestro enfoque se centra en la sostenibilidad y el cuidado del medio ambiente, demostrado a trav\u00e9s de pr\u00e1cticas que extienden la vida \u00fatil [&hellip;]","og_url":"https:\/\/recauchajesminerosbailac.cl\/web\/responsabilidad-social\/","og_site_name":"BAILAC Recauchajes","article_modified_time":"2024-08-13T02:59:32+00:00","og_image":[{"url":"https:\/\/recauchajesminerosbailac.cl\/web\/wp-content\/uploads\/2024\/04\/responsabilidad_social_intro.png","type":"","width":"","height":""}],"twitter_card":"summary_large_image","twitter_misc":{"Tiempo estimado de lectura":"2 minutos"},"schema":{"@context":"https:\/\/schema.org","@graph":[{"@type":"WebPage","@id":"https:\/\/recauchajesminerosbailac.cl\/web\/responsabilidad-social\/","url":"https:\/\/recauchajesminerosbailac.cl\/web\/responsabilidad-social\/","name":"Responsabilidad Social - BAILAC Recauchajes","isPartOf":{"@id":"https:\/\/recauchajesminerosbailac.cl\/web\/#website"},"primaryImageOfPage":{"@id":"https:\/\/recauchajesminerosbailac.cl\/web\/responsabilidad-social\/#primaryimage"},"image":{"@id":"https:\/\/recauchajesminerosbailac.cl\/web\/responsabilidad-social\/#primaryimage"},"thumbnailUrl":"https:\/\/recauchajesminerosbailac.cl\/web\/wp-content\/uploads\/2024\/04\/responsabilidad_social_intro.png","datePublished":"2024-04-10T23:38:58+00:00","dateModified":"2024-08-13T02:59:32+00:00","breadcrumb":{"@id":"https:\/\/recauchajesminerosbailac.cl\/web\/responsabilidad-social\/#breadcrumb"},"inLanguage":"es-CL","potentialAction":[{"@type":"ReadAction","target":["https:\/\/recauchajesminerosbailac.cl\/web\/responsabilidad-social\/"]}]},{"@type":"ImageObject","inLanguage":"es-CL","@id":"https:\/\/recauchajesminerosbailac.cl\/web\/responsabilidad-social\/#primaryimage","url":"https:\/\/recauchajesminerosbailac.cl\/web\/wp-content\/uploads\/2024\/04\/responsabilidad_social_intro.png","contentUrl":"https:\/\/recauchajesminerosbailac.cl\/web\/wp-content\/uploads\/2024\/04\/responsabilidad_social_intro.png","width":1220,"height":1400},{"@type":"BreadcrumbList","@id":"https:\/\/recauchajesminerosbailac.cl\/web\/responsabilidad-social\/#breadcrumb","itemListElement":[{"@type":"ListItem","position":1,"name":"Portada","item":"https:\/\/recauchajesminerosbailac.cl\/web\/"},{"@type":"ListItem","position":2,"name":"Responsabilidad Social"}]},{"@type":"WebSite","@id":"https:\/\/recauchajesminerosbailac.cl\/web\/#website","url":"https:\/\/recauchajesminerosbailac.cl\/web\/","name":"BAILAC Recauchajes","description":"","publisher":{"@id":"https:\/\/recauchajesminerosbailac.cl\/web\/#organization"},"potentialAction":[{"@type":"SearchAction","target":{"@type":"EntryPoint","urlTemplate":"https:\/\/recauchajesminerosbailac.cl\/web\/?s={search_term_string}"},"query-input":{"@type":"PropertyValueSpecification","valueRequired":true,"valueName":"search_term_string"}}],"inLanguage":"es-CL"},{"@type":"Organization","@id":"https:\/\/recauchajesminerosbailac.cl\/web\/#organization","name":"BAILAC Recauchajes","url":"https:\/\/recauchajesminerosbailac.cl\/web\/","logo":{"@type":"ImageObject","inLanguage":"es-CL","@id":"https:\/\/recauchajesminerosbailac.cl\/web\/#\/schema\/logo\/image\/","url":"https:\/\/recauchajesminerosbailac.cl\/web\/wp-content\/uploads\/2024\/07\/WhatsApp-Image-2024-07-18-at-15.10.18-e1721347156392.jpeg","contentUrl":"https:\/\/recauchajesminerosbailac.cl\/web\/wp-content\/uploads\/2024\/07\/WhatsApp-Image-2024-07-18-at-15.10.18-e1721347156392.jpeg","width":1200,"height":630,"caption":"BAILAC Recauchajes"},"image":{"@id":"https:\/\/recauchajesminerosbailac.cl\/web\/#\/schema\/logo\/image\/"}}]}},"_links":{"self":[{"href":"https:\/\/recauchajesminerosbailac.cl\/web\/wp-json\/wp\/v2\/pages\/958","targetHints":{"allow":["GET"]}}],"collection":[{"href":"https:\/\/recauchajesminerosbailac.cl\/web\/wp-json\/wp\/v2\/pages"}],"about":[{"href":"https:\/\/recauchajesminerosbailac.cl\/web\/wp-json\/wp\/v2\/types\/page"}],"author":[{"embeddable":true,"href":"https:\/\/recauchajesminerosbailac.cl\/web\/wp-json\/wp\/v2\/users\/1"}],"replies":[{"embeddable":true,"href":"https:\/\/recauchajesminerosbailac.cl\/web\/wp-json\/wp\/v2\/comments?post=958"}],"version-history":[{"count":73,"href":"https:\/\/recauchajesminerosbailac.cl\/web\/wp-json\/wp\/v2\/pages\/958\/revisions"}],"predecessor-version":[{"id":2567,"href":"https:\/\/recauchajesminerosbailac.cl\/web\/wp-json\/wp\/v2\/pages\/958\/revisions\/2567"}],"wp:attachment":[{"href":"https:\/\/recauchajesminerosbailac.cl\/web\/wp-json\/wp\/v2\/media?parent=958"}],"curies":[{"name":"wp","href":"https:\/\/api.w.org\/{rel}","templated":true}]}}